56.
2, 29
What are the prime factors of 18018?
2, 3, 7, 11, 13
What are the prime factors of 5638?
2, 2819
List the prime factors of 1106.
2, 7, 79
List the prime factors of 21619.
13, 1663
What are the prime factors of 42009?
3, 11, 19, 67
What are the prime factors of 445?
5, 89
What are the prime factors of 180163?
67, 2689
List the prime factors of 11133.
3, 1237
List the prime factors of 15424.
2, 241
List the prime factors of 921.
3, 307
What are the prime factors of 1061?
1061
What are the prime factors of 10277?
43, 239
List the prime factors of 24192.
2, 3, 7
What are the prime factors of 29019?
3, 17, 569
List the prime factors of 6940.
2, 5, 347
List the prime factors of 826.
2, 7, 59
List the prime factors of 107451.
3, 11939
List the prime factors of 4978.
2, 19, 131
List the prime factors of 48290.
2, 5, 11, 439
List the prime factors of 552.
2, 3, 23
What are the prime factors of 46365?
3, 5, 11, 281
What are the prime factors of 1425?
3, 5, 19
What are the prime factors of 14669?
14669
List the prime factors of 14729.
11, 13, 103
What are the prime factors of 9099?
3, 337
What are the prime factors of 2472?
2, 3, 103
What are the prime factors of 738?
2, 3, 41
List the prime factors of 334.
2, 167
List the prime factors of 2049.
3, 683
What are the prime factors of 638?
2, 11, 29
List the prime factors of 400.
2, 5
List the prime factors of 13665.
3, 5, 911
List the prime factors of 971.
971
List the prime factors of 2512.
2, 157
List the prime factors of 560.
2, 5, 7
What are the prime factors of 8343?
3, 103
What are the prime factors of 3508?
2, 877
List the prime factors of 41309.
101, 409
What are the prime factors of 10157?
7, 1451
What are the prime factors of 1441?
11, 131
What are the prime factors of 351?
3, 13
List the prime factors of 3826.
2, 1913
List the prime factors of 9018.
2, 3, 167
What are the prime factors of 783?
3, 29
What are the prime factors of 714?
2, 3, 7, 17
List the prime factors of 1627.
1627
What are the prime factors of 3142?
2, 1571
What are the prime factors of 6111?
3, 7, 97
What are the prime factors of 486?
2, 3
List the prime factors of 2311.
2311
List the prime factors of 2068.
2, 11, 47
What are the prime factors of 7744?
2, 11
What are the prime factors of 53595?
3, 5, 397
List the prime factors of 160.
2, 5
List the prime factors of 31290.
2, 3, 5, 7, 149
What are the prime factors of 10803?
3, 13, 277
List the prime factors of 34843.
34843
What are the prime factors of 3966?
2, 3, 661
List the prime factors of 19903.
13, 1531
List the prime factors of 5874.
2, 3, 11, 89
What are the prime factors of 81677?
81677
What are the prime factors of 3369?
3, 1123
What are the prime factors of 2549?
2549
What are the prime factors of 4272?
2, 3, 89
List the prime factors of 7537.
7537
What are the prime factors of 3587?
17, 211
List the prime factors of 1058.
2, 23
List the prime factors of 8046.
2, 3, 149
List the prime factors of 915.
3, 5, 61
What are the prime factors of 5351?
5351
List the prime factors of 204.
2, 3, 17
List the prime factors of 556.
2, 139
List the prime factors of 3784.
2, 11, 43
List the prime factors of 199106.
2, 113, 881
What are the prime factors of 127027?
59, 2153
What are the prime factors of 3191?
3191
What are the prime factors of 23093?
7, 3299
What are the prime factors of 3893?
17, 229
List the prime factors of 2285.
5, 457
List the prime factors of 2697.
3, 29, 31
What are the prime factors of 11065?
5, 2213
What are the prime factors of 100257?
3, 23, 1453
List the prime factors of 440.
2, 5, 11
List the prime factors of 940.
2, 5, 47
List the prime factors of 696.
2, 3, 29
List the prime factors of 6899.
6899
List the prime factors of 902.
2, 11, 41
What are the prime factors of 8678?
2, 4339
List the prime factors of 1722.
2, 3, 7, 41
List the prime factors of 7603.
7603
What are the prime factors of 42577?
42577
List the prime factors of 114232.
2, 109, 131
What are the prime factors of 8457?
3, 2819
List the prime factors of 285.
3, 5, 19
What are the prime factors of 792?
2, 3, 11
What are the prime factors of 21426?
2, 3, 3571
What are the prime factors of 253?
11, 23
What are the prime factors of 468?
2, 3, 13
List the prime factors of 495.
3, 5, 11
What are the prime factors of 8585?
5, 17, 101
What are the prime factors of 88458?
2, 3, 23, 641
What are the prime factors of 34447?
7, 19, 37
What are the prime factors of 2371?
2371
List the prime factors of 3883.
11, 353
List the prime factors of 24628.
2, 47, 131
List the prime factors of 10206.
2, 3, 7
What are the prime factors of 1333?
31, 43
List the prime factors of 14482.
2, 13, 557
What are the prime factors of 8331?
3, 2777
List the prime factors of 1306.
2, 653
List the prime factors of 4772.
2, 1193
List the prime factors of 2738.
2, 37
List the prime factors of 171.
3, 19
List the prime factors of 44932.
2, 47, 239
What are the prime factors of 92702?
2, 46351
What are the prime factors of 143600?
2, 5, 359
List the prime factors of 1210.
2, 5, 11
List the prime factors of 964.
2, 241
List the prime factors of 13931.
13931
What are the prime factors of 68732?
2, 17183
List the prime factors of 11955.
3, 5, 797
List the prime factors of 8410.
2, 5, 29
What are the prime factors of 93205?
5, 7, 2663
What are the prime factors of 86861?
86861
List the prime factors of 1627.
1627
List the prime factors of 5404.
2, 7, 193
What are the prime factors of 1415?
5, 283
What are the prime factors of 34?
2, 17
List the prime factors of 46951.
29, 1619
List the prime factors of 45389.
45389
List the prime factors of 8722.
2, 7, 89
List the prime factors of 789.
3, 263
List the prime factors of 150.
2, 3, 5
What are the prime factors of 16862?
2, 8431
List the prime factors of 5828.
2, 31, 47
List the prime factors of 8686.
2, 43, 101
List the prime factors of 3634.
2, 23, 79
List the prime factors of 4772.
2, 1193
What are the prime factors of 274?
2, 137
What are the prime factors of 472?
2, 59
What are the prime factors of 28394?
2, 14197
List the prime factors of 1129.
1129
What are the prime factors of 916?
2, 229
List the prime factors of 33799.
73, 463
What are the prime factors of 4287?
3, 1429
What are the prime factors of 52799?
37, 1427
List the prime factors of 545.
5, 109
List the prime factors of 1490.
2, 5, 149
List the prime factors of 35378.
2, 7, 19
What are the prime factors of 840?
2, 3, 5, 7
What are the prime factors of 107?
107
What are the prime factors of 4279?
11, 389
What are the prime factors of 870?
2, 3, 5, 29
What are the prime factors of 1618?
2, 809
What are the prime factors of 1396?
2, 349
List the prime factors of 4381.
13, 337
What are the prime factors of 8695?
5, 37, 47
What are the prime factors of 2457?
3, 7, 13
List the prime factors of 21346.
2, 13, 821
What are the prime factors of 3113?
11, 283
What are the prime factors of 1326?
2, 3, 13, 17
What are the prime factors of 1651?
13, 127
List the prime factors of 80578.
2, 40289
List the prime factors of 20828.
2, 41, 127
What are the prime factors of 486?
2, 3
List the prime factors of 36387.
3, 13, 311
List the prime factors of 2333.
2333
List the prime factors of 16577.
11, 137
What are the prime factors of 164195?
5, 32839
List the prime factors of 9355.
5, 1871
List the prime factors of 2337.
3, 19, 41
List the prime factors of 14772.
2, 3, 1231
List the prime factors of 2308.
2, 577
List the prime factors of 17923.
17923
List the prime factors of 6963.
3, 11, 211
What are the prime factors of 4366?
2, 37, 59
What are the prime factors of 74003?
43, 1721
What are the prime factors of 20511?
3, 43, 53
List the prime factors of 3621.
3, 17, 71
What are the prime factors of 26742?
2, 3, 4457
What are the prime factors of 19052?
2, 11, 433
List the prime factors of 84042.
2, 3, 7, 23, 29
What are the prime factors of 8?
2
List the prime factors of 2576.
2, 7, 23
What are the prime factors of 313?
313
List the prime factors of 4372.
2, 1093
What are the prime factors of 471?
3, 157
What are the prime factors of 24521?
7, 31, 113
What are the prime factors of 76112?
2, 67, 71
What are the prime factors of 22073?
22073
What are the prime factors of 32799?
3, 13, 29
List the prime factors of 74.
2, 37
Lis